{"id":1073,"date":"2025-11-23T00:44:44","date_gmt":"2025-11-23T00:44:44","guid":{"rendered":"https:\/\/priceless-merkle.213-158-90-48.plesk.page\/?page_id=1073"},"modified":"2025-11-23T19:01:42","modified_gmt":"2025-11-23T19:01:42","slug":"isitma-sogutma-parcalari","status":"publish","type":"page","link":"https:\/\/karalargrup.com\/index.php\/isitma-sogutma-parcalari\/","title":{"rendered":"Is\u0131tma \/ So\u011futma Par\u00e7alar\u0131"},"content":{"rendered":"\t\t<div data-elementor-type=\"wp-page\" data-elementor-id=\"1073\" class=\"elementor elementor-1073\">\n\t\t\t\t\t\t<section class=\"elementor-section elementor-top-section elementor-element elementor-element-ffc5ddc elementor-section-height-min-height elementor-section-items-bottom elementor-section-stretched elementor-section-boxed elementor-section-height-default\" data-id=\"ffc5ddc\" data-element_type=\"section\" data-settings=\"{&quot;stretch_section&quot;:&quot;section-stretched&quot;,&quot;background_background&quot;:&quot;classic&quot;}\">\n\t\t\t\t\t\t<div class=\"elementor-container elementor-column-gap-wider\">\n\t\t\t\t\t<div class=\"elementor-column elementor-col-100 elementor-top-column elementor-element elementor-element-520070b\" data-id=\"520070b\" data-element_type=\"column\">\n\t\t\t<div class=\"elementor-widget-wrap elementor-element-populated\">\n\t\t\t\t\t\t<section class=\"elementor-section elementor-inner-section elementor-element elementor-element-b3e8d03 elementor-hidden-desktop elementor-hidden-tablet elementor-hidden-mobile elementor-section-boxed elementor-section-height-default elementor-section-height-default\" data-id=\"b3e8d03\" data-element_type=\"section\">\n\t\t\t\t\t\t<div class=\"elementor-container elementor-column-gap-default\">\n\t\t\t\t\t<div class=\"elementor-column elementor-col-100 elementor-inner-column elementor-element elementor-element-f80e8c3\" data-id=\"f80e8c3\" data-element_type=\"column\">\n\t\t\t<div class=\"elementor-widget-wrap elementor-element-populated\">\n\t\t\t\t\t\t<div class=\"elementor-element elementor-element-d6162f3 elementor-widget__width-auto elementor-invisible elementor-widget elementor-widget-heading\" data-id=\"d6162f3\" data-element_type=\"widget\" data-settings=\"{&quot;_animation&quot;:&quot;fadeInUp&quot;}\" data-widget_type=\"heading.default\">\n\t\t\t\t\t<h2 class=\"elementor-heading-title elementor-size-default\">Motor Par\u00e7alar\u0131<\/h2>\t\t\t\t<\/div>\n\t\t\t\t\t<\/div>\n\t\t<\/div>\n\t\t\t\t\t<\/div>\n\t\t<\/section>\n\t\t\t\t\t<\/div>\n\t\t<\/div>\n\t\t\t\t\t<\/div>\n\t\t<\/section>\n\t\t<div class=\"elementor-element elementor-element-f194a80 e-flex e-con-boxed e-con e-parent\" data-id=\"f194a80\" data-element_type=\"container\">\n\t\t\t\t\t<div class=\"e-con-inner\">\n\t\t\t\t<div class=\"elementor-element elementor-element-82c87fe elementor-widget elementor-widget-heading\" data-id=\"82c87fe\" data-element_type=\"widget\" data-widget_type=\"heading.default\">\n\t\t\t\t\t<h1 class=\"elementor-heading-title elementor-size-default\">Is\u0131tma \/ So\u011futma Par\u00e7alar\u0131<\/h1>\t\t\t\t<\/div>\n\t\t\t\t<div class=\"elementor-element elementor-element-0941241 elementor-widget elementor-widget-text-editor\" data-id=\"0941241\" data-element_type=\"widget\" data-widget_type=\"text-editor.default\">\n\t\t\t\t\t\t\t\t\t<section><p><strong>So\u011futma sistemi<\/strong>nin amac\u0131; motordaki fazla \u0131s\u0131y\u0131 giderip, motoru en verimli \u0131s\u0131ya en k\u0131sa zamanda y\u00fckseltip o \u0131s\u0131da kalmas\u0131n\u0131 sa\u011flamakt\u0131r. \u0130deal olan \u00e7al\u0131\u015fma \u015fartlar\u0131 ne olursa olsun so\u011futma sistemi motoru en verimli \u0131s\u0131da \u00e7al\u0131\u015ft\u0131rmal\u0131d\u0131r. Yak\u0131t motorda yand\u0131k\u00e7a yak\u0131ttaki enerjinin yakla\u015f\u0131k 1\/3\u2019i i\u015fe \u00e7evrilir. Di\u011fer 1\/3\u2019i ise hi\u00e7 kullan\u0131lmadan egzozdan d\u0131\u015far\u0131 yanmam\u0131\u015f yak\u0131t olarak at\u0131l\u0131r ve geri kalan 1\/3\u2019i ise \u0131s\u0131 enerjisine d\u00f6n\u00fc\u015f\u00fcr.\u00a0<\/p><p>Ana iki tip so\u011futma sistemi vard\u0131r; S\u0131v\u0131 So\u011futma ve Hava So\u011futma.\u00a0<\/p><p><strong>Is\u0131tma sistemi<\/strong>nin g\u00f6revi; ara\u00e7 i\u00e7inin havas\u0131z kalmamas\u0131n\u0131, so\u011fuk k\u0131\u015f aylar\u0131nda gerekli s\u0131cakl\u0131\u011f\u0131n temin edilmesini, ara\u00e7 i\u00e7erisinde bulunanlar\u0131n sa\u011fl\u0131k, g\u00fcvenlik ve konforunu sa\u011flamakt\u0131r. Bu \u0131s\u0131tma i\u015fleminin ger\u00e7ekle\u015ftirilmesi, ara\u00e7larda kullan\u0131lan kalorifer sistemleri ile yap\u0131l\u0131r.<\/p><div class=\"row\"><div class=\"col-md-6\"><ul class=\"list-gradient \"><li>Devirdaim Conta \u00c7e\u015fitleri<\/li><li>Devirdaim Kasnaklar\u0131<\/li><li>Devirdaimler<\/li><li>Fan Davlumbazlar\u0131<\/li><li>Fan Motorlar\u0131<\/li><li>Fan Rezistans \u00c7e\u015fitleri<\/li><li>Intercooler<\/li><li>Kalorifer Petekleri<\/li><\/ul><\/div><div class=\"col-md-6\"><ul class=\"list-gradient \"><li>Klima Radyat\u00f6rleri<\/li><li>Klima Tu\u0308pleri<\/li><li>Radyat\u00f6r \/ Kalorifer Hortumlar\u0131<\/li><li>Radyat\u00f6r Tahliye Musluklar\u0131<\/li><li>Radyat\u00f6rler Su<\/li><li>So\u011futma Fanlar\u0131<\/li><li>Su Depo Kapaklar\u0131<\/li><li>Su Depolar\u0131<\/li><li>Ya\u011f So\u011futucular<\/li><li>V-Kanat \u00c7e\u015fitleri<\/li><\/ul><\/div><\/div><\/section>\t\t\t\t\t\t\t\t<\/div>\n\t\t\t\t\t<\/div>\n\t\t\t\t<\/div>\n\t\t\t\t<\/div>\n\t\t","protected":false},"excerpt":{"rendered":"<p>Motor Par\u00e7alar\u0131 Is\u0131tma \/ So\u011futma Par\u00e7alar\u0131 So\u011futma sisteminin amac\u0131; motordaki fazla \u0131s\u0131y\u0131 giderip, motoru en verimli \u0131s\u0131ya en k\u0131sa zamanda y\u00fckseltip o \u0131s\u0131da kalmas\u0131n\u0131 sa\u011flamakt\u0131r. \u0130deal<span class=\"excerpt-hellip\"> [\u2026]<\/span><\/p>\n","protected":false},"author":1,"featured_media":0,"parent":0,"menu_order":0,"comment_status":"closed","ping_status":"closed","template":"","meta":{"footnotes":""},"class_list":["post-1073","page","type-page","status-publish","hentry"],"_links":{"self":[{"href":"https:\/\/karalargrup.com\/index.php\/wp-json\/wp\/v2\/pages\/1073","targetHints":{"allow":["GET"]}}],"collection":[{"href":"https:\/\/karalargrup.com\/index.php\/wp-json\/wp\/v2\/pages"}],"about":[{"href":"https:\/\/karalargrup.com\/index.php\/wp-json\/wp\/v2\/types\/page"}],"author":[{"embeddable":true,"href":"https:\/\/karalargrup.com\/index.php\/wp-json\/wp\/v2\/users\/1"}],"replies":[{"embeddable":true,"href":"https:\/\/karalargrup.com\/index.php\/wp-json\/wp\/v2\/comments?post=1073"}],"version-history":[{"count":13,"href":"https:\/\/karalargrup.com\/index.php\/wp-json\/wp\/v2\/pages\/1073\/revisions"}],"predecessor-version":[{"id":1395,"href":"https:\/\/karalargrup.com\/index.php\/wp-json\/wp\/v2\/pages\/1073\/revisions\/1395"}],"wp:attachment":[{"href":"https:\/\/karalargrup.com\/index.php\/wp-json\/wp\/v2\/media?parent=1073"}],"curies":[{"name":"wp","href":"https:\/\/api.w.org\/{rel}","templated":true}]}}