{"id":1093,"date":"2025-11-23T00:49:19","date_gmt":"2025-11-23T00:49:19","guid":{"rendered":"https:\/\/priceless-merkle.213-158-90-48.plesk.page\/?page_id=1093"},"modified":"2025-11-23T19:16:49","modified_gmt":"2025-11-23T19:16:49","slug":"sarf-malzemeler","status":"publish","type":"page","link":"https:\/\/karalargrup.com\/index.php\/sarf-malzemeler\/","title":{"rendered":"Sarf Malzemeler"},"content":{"rendered":"\t\t<div data-elementor-type=\"wp-page\" data-elementor-id=\"1093\" class=\"elementor elementor-1093\">\n\t\t\t\t\t\t<section class=\"elementor-section elementor-top-section elementor-element elementor-element-0acb23d elementor-section-height-min-height elementor-section-items-bottom elementor-section-stretched elementor-section-boxed elementor-section-height-default\" data-id=\"0acb23d\" data-element_type=\"section\" data-settings=\"{&quot;stretch_section&quot;:&quot;section-stretched&quot;,&quot;background_background&quot;:&quot;classic&quot;}\">\n\t\t\t\t\t\t<div class=\"elementor-container elementor-column-gap-wider\">\n\t\t\t\t\t<div class=\"elementor-column elementor-col-100 elementor-top-column elementor-element elementor-element-b02c4a6\" data-id=\"b02c4a6\" data-element_type=\"column\">\n\t\t\t<div class=\"elementor-widget-wrap elementor-element-populated\">\n\t\t\t\t\t\t<section class=\"elementor-section elementor-inner-section elementor-element elementor-element-8324e27 elementor-hidden-desktop elementor-hidden-tablet elementor-hidden-mobile elementor-section-boxed elementor-section-height-default elementor-section-height-default\" data-id=\"8324e27\" data-element_type=\"section\">\n\t\t\t\t\t\t<div class=\"elementor-container elementor-column-gap-default\">\n\t\t\t\t\t<div class=\"elementor-column elementor-col-100 elementor-inner-column elementor-element elementor-element-9c82e15\" data-id=\"9c82e15\" data-element_type=\"column\">\n\t\t\t<div class=\"elementor-widget-wrap elementor-element-populated\">\n\t\t\t\t\t\t<div class=\"elementor-element elementor-element-4b1fe0a elementor-widget__width-auto elementor-invisible elementor-widget elementor-widget-heading\" data-id=\"4b1fe0a\" data-element_type=\"widget\" data-settings=\"{&quot;_animation&quot;:&quot;fadeInUp&quot;}\" data-widget_type=\"heading.default\">\n\t\t\t\t\t<h2 class=\"elementor-heading-title elementor-size-default\">Motor Par\u00e7alar\u0131<\/h2>\t\t\t\t<\/div>\n\t\t\t\t\t<\/div>\n\t\t<\/div>\n\t\t\t\t\t<\/div>\n\t\t<\/section>\n\t\t\t\t\t<\/div>\n\t\t<\/div>\n\t\t\t\t\t<\/div>\n\t\t<\/section>\n\t\t<div class=\"elementor-element elementor-element-dbe15da e-flex e-con-boxed e-con e-parent\" data-id=\"dbe15da\" data-element_type=\"container\">\n\t\t\t\t\t<div class=\"e-con-inner\">\n\t\t\t\t<div class=\"elementor-element elementor-element-b7c44f4 elementor-widget elementor-widget-heading\" data-id=\"b7c44f4\" data-element_type=\"widget\" data-widget_type=\"heading.default\">\n\t\t\t\t\t<h1 class=\"elementor-heading-title elementor-size-default\">Sarf Malzemeler<\/h1>\t\t\t\t<\/div>\n\t\t\t\t<div class=\"elementor-element elementor-element-7917f56 elementor-widget elementor-widget-text-editor\" data-id=\"7917f56\" data-element_type=\"widget\" data-widget_type=\"text-editor.default\">\n\t\t\t\t\t\t\t\t\t<section><p><strong>Sarf Malzemeler<\/strong>; her t\u00fcr s\u0131v\u0131 ve gaz de\u011fi\u015fimleri, bak\u0131mlarda de\u011fi\u015febilecek ya da otomobilin normal kullan\u0131m\u0131 sonucu veya kilometresine ba\u011fl\u0131 olarak, a\u015f\u0131nmaya u\u011frayan, eksilen veya \u00f6mr\u00fcn\u00fc tamamlayan par\u00e7alarda ve periyodik bak\u0131mlarda de\u011fi\u015ftirilen malzemelerdir.<\/p><div class=\"row\"><div class=\"col-md-6\"><ul class=\"list-gradient \"><li>Antifriz<\/li><li>Cam Suyu Antifrizli<\/li><li>Fren Balata Temizleyici<\/li><li>Direksiyon Ya\u011f\u0131<\/li><li>\u015eanz\u0131man Ya\u011f\u0131<\/li><li>Hidrolik Ya\u011f\u0131<\/li><li>Partiku\u0308l Temizleme Sprey<\/li><li>Motor Temizleme Sprey<\/li><li>\u00c7ok Ama\u00e7l\u0131 Sprey<\/li><li>Pas S\u00f6ku\u0308cu\u0308 Sprey<\/li><li>S\u0131v\u0131 Gres<\/li><li>Silikon Sprey<\/li><li>Partiku\u0308l Filtre Temizleme Yak\u0131t Katk\u0131s\u0131<\/li><li>Radyat\u00f6r Temizleme S\u0131v\u0131s\u0131<\/li><li>Motor \u0130\u00e7i Temizleme<\/li><\/ul><\/div><div class=\"col-md-6\"><ul class=\"list-gradient \"><li>Mazot Antifrizi<\/li><li>Radyat\u00f6r \u00c7atlak Giderici<\/li><li>Lastik Tamir Kiti (Yanmaz)<\/li><li>Civata Sabitleyici<\/li><li>S\u0131v\u0131 Conta<\/li><li>V Kay\u0131\u015f Spreyi<\/li><li>Ara\u00e7 \u0130\u00e7i Klima Ve Koku Giderici<\/li><li>H\u0131zl\u0131 Cila (Sprey)<\/li><li>D\u00f6\u015feme Temizleme Spreyi<\/li><li>Oto Y\u0131kama \u015eampuan\u0131<\/li><li>Torpido Temizleme Spreyi<\/li><li>Jant Temizleme Spreyi<\/li><li>Hava Ak\u0131\u015fmetre Temizleme Spreyi<\/li><li>Kontak Temizleme Spreyi<\/li><li>EGR Temizleme Spreyi<\/li><li>El Temizleme Kremi<\/li><li>Gaz Kelebe\u011fi &amp; Karbirat\u00f6r Temizleme Spreyi<\/li><\/ul><\/div><\/div><\/section>\t\t\t\t\t\t\t\t<\/div>\n\t\t\t\t\t<\/div>\n\t\t\t\t<\/div>\n\t\t\t\t<\/div>\n\t\t","protected":false},"excerpt":{"rendered":"<p>Motor Par\u00e7alar\u0131 Sarf Malzemeler Sarf Malzemeler; her t\u00fcr s\u0131v\u0131 ve gaz de\u011fi\u015fimleri, bak\u0131mlarda de\u011fi\u015febilecek ya da otomobilin normal kullan\u0131m\u0131 sonucu veya kilometresine ba\u011fl\u0131 olarak, a\u015f\u0131nmaya u\u011frayan,<span class=\"excerpt-hellip\"> [\u2026]<\/span><\/p>\n","protected":false},"author":1,"featured_media":0,"parent":0,"menu_order":0,"comment_status":"closed","ping_status":"closed","template":"","meta":{"footnotes":""},"class_list":["post-1093","page","type-page","status-publish","hentry"],"_links":{"self":[{"href":"https:\/\/karalargrup.com\/index.php\/wp-json\/wp\/v2\/pages\/1093","targetHints":{"allow":["GET"]}}],"collection":[{"href":"https:\/\/karalargrup.com\/index.php\/wp-json\/wp\/v2\/pages"}],"about":[{"href":"https:\/\/karalargrup.com\/index.php\/wp-json\/wp\/v2\/types\/page"}],"author":[{"embeddable":true,"href":"https:\/\/karalargrup.com\/index.php\/wp-json\/wp\/v2\/users\/1"}],"replies":[{"embeddable":true,"href":"https:\/\/karalargrup.com\/index.php\/wp-json\/wp\/v2\/comments?post=1093"}],"version-history":[{"count":10,"href":"https:\/\/karalargrup.com\/index.php\/wp-json\/wp\/v2\/pages\/1093\/revisions"}],"predecessor-version":[{"id":1407,"href":"https:\/\/karalargrup.com\/index.php\/wp-json\/wp\/v2\/pages\/1093\/revisions\/1407"}],"wp:attachment":[{"href":"https:\/\/karalargrup.com\/index.php\/wp-json\/wp\/v2\/media?parent=1093"}],"curies":[{"name":"wp","href":"https:\/\/api.w.org\/{rel}","templated":true}]}}